1?
0
What is the units digit of 28323230?
0
What is the thousands digit of 2903348?
3
What is the tens digit of 76439?
3
What is the hundred thousands digit of 147462?
1
What is the units digit of 12331524?
4
What is the ten thousands digit of 4936167?
3
What is the hundreds digit of 2322603?
6
What is the ten thousands digit of 2524198?
2
What is the tens digit of 400098?
9
What is the hundred thousands digit of 178158?
1
What is the hundreds digit of 217171?
1
What is the thousands digit of 8423743?
3
What is the ten millions digit of 24095228?
2
What is the millions digit of 24111764?
4
What is the thousands digit of 9282571?
2
What is the units digit of 23502477?
7
What is the units digit of 1086607?
7
What is the thousands digit of 14707627?
7
What is the thousands digit of 616470?
6
What is the tens digit of 134122?
2
What is the hundred thousands digit of 795890?
7
What is the thousands digit of 151941?
1
What is the units digit of 71817?
7
What is the units digit of 143013?
3
What is the thousands digit of 2084751?
4
What is the thousands digit of 50906?
0
What is the tens digit of 1655461?
6
What is the units digit of 216636?
6
What is the tens digit of 11469930?
3
What is the hundreds digit of 601219?
2
What is the ten thousands digit of 1148167?
4
What is the thousands digit of 5070573?
0
What is the ten thousands digit of 1977272?
7
What is the units digit of 1682367?
7
What is the units digit of 509825?
5
What is the thousands digit of 737684?
7
What is the tens digit of 126286?
8
What is the tens digit of 19105685?
8
What is the hundreds digit of 397471?
4
What is the hundreds digit of 1905354?
3
What is the hundred thousands digit of 270092?
2
What is the units digit of 13790504?
4
What is the units digit of 10309022?
2
What is the hundred thousands digit of 143313?
1
What is the millions digit of 16333001?
6
What is the ten thousands digit of 5839999?
3
What is the ten thousands digit of 3097900?
9
What is the millions digit of 2385509?
2
What is the thousands digit of 2974376?
4
What is the ten thousands digit of 24957?
2
What is the hundred thousands digit of 1656565?
6
What is the units digit of 19587242?
2
What is the tens digit of 483602?
0
What is the thousands digit of 919296?
9
What is the hundred thousands digit of 209349?
2
What is the ten thousands digit of 1808671?
0
What is the hundred thousands digit of 407229?
4
What is the tens digit of 222885?
8
What is the tens digit of 3082936?
3
What is the hundreds digit of 1874085?
0
What is the thousands digit of 870149?
0
What is the ten thousands digit of 156924?
5
What is the units digit of 439010?
0
What is the hundreds digit of 29756511?
5
What is the hundred thousands digit of 8138580?
1
What is the tens digit of 131562?
6
What is the tens digit of 870002?
0
What is the ten thousands digit of 10870?
1
What is the ten thousands digit of 4199473?
9
What is the millions digit of 1382105?
1
What is the hundreds digit of 410214?
2
What is the thousands digit of 160505?
0
What is the hundred thousands digit of 288324?
2
What is the hundred thousands digit of 711630?
7
What is the hundred thousands digit of 441913?
4
What is the hundreds digit of 164100?
1
What is the hundreds digit of 310386?
3
What is the units digit of 446903?
3
What is the hundred thousands digit of 1623518?
6
What is the thousands digit of 38713?
8
What is the tens digit of 48714?
1
What is the tens digit of 47759?
5
What is the units digit of 320824?
4
What is the units digit of 3132519?
9
What is the units digit of 744372?
2
What is the thousands digit of 128675?
8
What is the units digit of 2171357?
7
What is the units digit of 7737344?
4
What is the hundreds digit of 8089317?
3
What is the ten thousands digit of 459630?
5
What is the thousands digit of 10904502?
4
What is the units digit of 408239?
9
What is the thousands digit of 1951857?
1
What is the tens digit of 342389?
8
What is the units digit of 734975?
5
What is the units digit of 696799?
9
What is the ten millions digit of 13380650?
1
What is the ten thousands digit of 324967?
2
What is the hundred thousands digit of 11753350?
7
What is the hundred thousands digit of 27163742?
1
What is the ten thousands digit of 63971?
6
What is the hundreds digit of 2743117?
1
What is the millions digit of 3739200?
3
What is the thousands digit of 1006371?
6
What is the thousands digit of 1454395?
4
What is the ten thousands digit of 189590?
8
What is the thousands digit of 1204603?
4
What is the units digit of 1608359?
9
What is the ten thousands digit of 7783818?
8
What is the tens digit of 85316?
1
What is the tens digit of 28801317?
1
What is the thousands digit of 4733008?
3
What is the ten thousands digit of 559837?
5
What is the ten thousands digit of 321272?
2
What is the hundred thousands digit of 1516606?
5
What is the ten thousands digit of 1867688?
6
What is the millions digit of 6387095?
6
What is the units digit of 45706?
6
What is the tens digit of 297149?
4
What is the hundred thousands digit of 2933736?
9
What is the thousands digit of 289598?
9
What is the millions digit of 1935396?
1
What is the hundred thousands digit of 18624210?
6
What is the hundreds digit of 556702?
7
What is the units digit of 6044895?
5
What is the thousands digit of 1530468?
0
What is the ten thousands digit of 477243?
7
What is the thousands digit of 78561?
8
What is the ten thousands digit of 545663?
4
What is the thousands digit of 1923072?
3
What is the units digit of 477356?
6
What is the hundreds digit of 356776?
7
What is the tens digit of 221639?
3
What is the ten thousands digit of 2772595?
7
What is the hundreds digit of 26943762?
7
What is the thousands digit of 145605?
5
What is the ten thousands digit of 191944?
9
What is the hundreds digit of 1759719?
7
What is the units digit of 11088693?
3
What is the ten thousands digit of 260279?
6
What is the hundreds digit of 1023000?
0
What is the units digit of 302851?
1
What is the tens digit of 662436?
3
What is the ten thousands digit of 1147573?
4
What is the units digit of 4339137?
7
What is the thousands digit of 208401?
8
What is the hundreds digit of 504438?
4
What is the ten thousands digit of 1149551?
4
What is the units digit of 3515487?
7
What is the hundred thousands digit of 16646275?
6
What is the millions digit of 1277723?
1
What is the units digit of 783609?
9
What is the tens digit of 165178?
7
What is the tens digit of 1663263?
6
What is the thousands digit of 290909?
0
What is the hundreds digit of 1561356?
3
What is the tens digit of 13255350?
5
What is the millions digit of 8970535?
8
What is the units digit of 28570632?
2
What is the hundred thousands digit of 6645896?
6
What is the thousands digit of 108044?
8
What is the tens digit of 6313621?
2
What is the hundred thousands digit of 8556685?
5
What is the hundreds digit of 16185879?
8
What is the ten thousands digit of 685768?
8
What is the hundreds digit of 2490028?
0
What is the tens digit of 176678?
7
What is the units digit of 1820495?
5
What is the ten millions digit of 11825825?
1
What is the hundreds digit of 2160664?
6
What is the ten thousands digit of 2544313?
4
What is the hundreds digit of 897744?
7
What is the thousands digit of 18438575?
8
What is the ten thousands digit of 6775126?
7
What is the ten thousands digit of 478584?
7
What is the thousands digit of 538903?
8
What is the ten thousands digit of 907495?
0
What is the millions digit of 4527032?
4
What is the hundred thousands digit of 4784252?
7
What is the millions digit of 25246079?
5
What is the units digit of 167830?
0
What is the hundreds digit of 2788565?
5
What is the hundreds digit of 2046197?
1
What is the hundred thousands digit of 833983?
8
What is the hundreds digit of 759919?
9
What is the hundreds digit of 155107?
1
What is the hundreds digit of 5865208?
2
What is the hundred thousands digit of 368636?
3
What is the ten thousands digit of 87507?
8
What is the ten thousands digit of 2085570?
8
What is the units digit of 106320?
0
What is the hundred thousands digit of 775163?
7
What is the hundreds digit of 13535?
5
What is the units digit of 90038?
8
What is the hundred thousands digit of 4048189?
0
What is the hundred thousands digit of 1